d by 20.
17
Calculate the remainder when 3074 is divided by 205.
204
Calculate the remainder when 5906 is divided by 33.
32
Calculate the remainder when 56 is divided by 38.
18
What is the remainder when 1214 is divided by 6?
2
Calculate the remainder when 53 is divided by 19.
15
Calculate the remainder when 100 is divided by 31.
7
What is the remainder when 86 is divided by 22?
20
What is the remainder when 2519 is divided by 20?
19
What is the remainder when 1093 is divided by 137?
134
What is the remainder when 379 is divided by 35?
29
What is the remainder when 70 is divided by 70?
0
Calculate the remainder when 2364 is divided by 46.
18
What is the remainder when 59 is divided by 33?
26
What is the remainder when 291 is divided by 73?
72
What is the remainder when 581 is divided by 516?
65
What is the remainder when 142 is divided by 7?
2
Calculate the remainder when 945 is divided by 934.
11
What is the remainder when 125 is divided by 17?
6
Calculate the remainder when 704 is divided by 35.
4
What is the remainder when 1101 is divided by 127?
85
Calculate the remainder when 26124 is divided by 284.
280
Calculate the remainder when 5315 is divided by 7.
2
Calculate the remainder when 459 is divided by 218.
23
Calculate the remainder when 31 is divided by 6.
1
Calculate the remainder when 320 is divided by 75.
20
What is the remainder when 267 is divided by 47?
32
Calculate the remainder when 35 is divided by 12.
11
Calculate the remainder when 890 is divided by 25.
15
Calculate the remainder when 265 is divided by 52.
5
What is the remainder when 1454 is divided by 356?
30
What is the remainder when 240 is divided by 19?
12
Calculate the remainder when 2078 is divided by 99.
98
Calculate the remainder when 3294 is divided by 33.
27
What is the remainder when 218 is divided by 32?
26
Calculate the remainder when 5803 is divided by 126.
7
Calculate the remainder when 55 is divided by 36.
19
What is the remainder when 101 is divided by 23?
9
What is the remainder when 456 is divided by 53?
32
What is the remainder when 252 is divided by 22?
10
What is the remainder when 253 is divided by 15?
13
Calculate the remainder when 243 is divided by 16.
3
Calculate the remainder when 22 is divided by 8.
6
What is the remainder when 75 is divided by 42?
33
What is the remainder when 261 is divided by 73?
42
What is the remainder when 410 is divided by 53?
39
Calculate the remainder when 3578 is divided by 56.
50
Calculate the remainder when 602 is divided by 96.
26
What is the remainder when 218 is divided by 22?
20
What is the remainder when 45 is divided by 13?
6
Calculate the remainder when 1189 is divided by 149.
146
What is the remainder when 744 is divided by 62?
0
Calculate the remainder when 5127 is divided by 114.
111
What is the remainder when 496 is divided by 72?
64
What is the remainder when 169 is divided by 30?
19
Calculate the remainder when 1596 is divided by 42.
0
What is the remainder when 86 is divided by 29?
28
What is the remainder when 1294 is divided by 52?
46
What is the remainder when 1256 is divided by 388?
92
What is the remainder when 1386 is divided by 199?
192
What is the remainder when 56 is divided by 3?
2
What is the remainder when 307 is divided by 71?
23
What is the remainder when 2453 is divided by 117?
113
Calculate the remainder when 117 is divided by 94.
23
Calculate the remainder when 2869 is divided by 206.
191
What is the remainder when 1582 is divided by 31?
1
Calculate the remainder when 3827 is divided by 30.
17
What is the remainder when 16507 is divided by 5500?
7
Calculate the remainder when 440 is divided by 35.
20
Calculate the remainder when 560 is divided by 13.
1
What is the remainder when 504 is divided by 154?
42
Calculate the remainder when 1947 is divided by 12.
3
Calculate the remainder when 139 is divided by 37.
28
What is the remainder when 1022 is divided by 25?
22
What is the remainder when 366 is divided by 48?
30
What is the remainder when 11162 is divided by 61?
60
Calculate the remainder when 6270 is divided by 41.
38
Calculate the remainder when 109 is divided by 16.
13
Calculate the remainder when 669 is divided by 84.
81
What is the remainder when 118 is divided by 109?
9
What is the remainder when 625 is divided by 131?
101
What is the remainder when 781 is divided by 28?
25
Calculate the remainder when 7596 is divided by 158.
12
Calculate the remainder when 34 is divided by 15.
4
What is the remainder when 7 is divided by 7?
0
Calculate the remainder when 294 is divided by 135.
24
Calculate the remainder when 25 is divided by 19.
6
Calculate the remainder when 1209 is divided by 399.
12
What is the remainder when 338 is divided by 172?
166
What is the remainder when 193 is divided by 33?
28
What is the remainder when 130 is divided by 35?
25
Calculate the remainder when 3453 is divided by 54.
51
What is the remainder when 240 is divided by 31?
23
What is the remainder when 650 is divided by 320?
10
Calculate the remainder when 266 is divided by 68.
62
Calculate the remainder when 20 is divided by 9.
2
What is the remainder when 117 is divided by 55?
7
Calculate the remainder when 199 is divided by 31.
13
What is the remainder when 592 is divided by 35?
32
What is the remainder when 1748 is divided by 14?
12
What is the remainder when 152 is divided by 11?
9
What is the remainder when 250 is divided by 38?
22
Calculate the remainder when 895 is divided by 64.
63
Calculate the remainder when 188 is divided by 98.
90
Calculate the remainder when 83 is divided by 83.
0
Calculate the remainder when 485 is divided by 35.
30
Calculate the remainder when 82 is divided by 31.
20
What is the remainder when 691 is divided by 54?
43
What is the remainder when 98 is divided by 92?
6
What is the remainder when 93 is divided by 14?
9
Calculate the remainder when 87 is divided by 8.
7
Calculate the remainder when 275 is divided by 31.
27
Calculate the remainder when 47 is divided by 20.
7
Calculate the remainder when 427 is divided by 426.
1
Calculate the remainder when 187 is divided by 64.
59
Calculate the remainder when 133 is divided by 69.
64
Calculate the remainder when 642 is divided by 4.
2
Calculate the remainder when 317 is divided by 40.
37
What is the remainder when 11488 is divided by 169?
165
Calculate the remainder when 7600 is divided by 15.
10
Calculate the remainder when 425 is divided by 114.
83
What is the remainder when 471 is divided by 69?
57
Calculate the remainder when 140 is divided by 56.
28
What is the remainder when 955 is divided by 32?
27
Calculate the remainder when 894 is divided by 32.
30
What is the remainder when 187 is divided by 4?
3
Calculate the remainder when 849 is divided by 10.
9
What is the remainder when 617 is divided by 88?
1
What is the remainder when 72 is divided by 55?
17
What is the remainder when 17617 is divided by 10?
7
Calculate the remainder when 161 is divided by 85.
76
Calculate the remainder when 447 is divided by 24.
15
Calculate the remainder when 2505 is divided by 90.
75
What is the remainder when 244 is divided by 35?
34
Calculate the remainder when 1532 is divided by 8.
4
What is the remainder when 326 is divided by 7?
4
Calculate the remainder when 439 is divided by 410.
29
Calculate the remainder when 788 is divided by 99.
95
Calculate the remainder when 8530 is divided by 53.
50
What is the remainder when 3639 is divided by 104?
103
What is the remainder when 1163 is divided by 5?
3
Calculate the remainder when 123861 is divided by 397.
394
What is the remainder when 332 is divided by 22?
2
Calculate the remainder when 1437 is divided by 290.
277
Calculate the remainder when 6724 is divided by 114.
112
What is the remainder when 166 is divided by 25?
16
What is the remainder when 3796 is divided by 292?
0
Calculate the remainder when 36 is divided by 20.
16
What is the remainder when 68 is divided by 23?
22
Calculate the remainder when 798 is divided by 16.
14
Calculate the remainder when 189 is divided by 43.
17
Calculate the remainder when 165 is divided by 22.
11
What is the remainder when 416 is divided by 400?
16
What is the remainder when 277 is divided by 69?
1
What is the remainder when 168 is divided by 168?
0
Ca